alculate k(-39).
776
Let g(j) = -6*j**2 + 539*j - 438. Determine g(89).
7
Let v(k) = 99*k**2 - 46*k - 147. Give v(-2).
341
Let f(o) = -2*o**2 - 521*o - 21208. Calculate f(-210).
2
Let c(f) = -f**2 - 250*f - 6098. What is c(-234)?
-2354
Let o(t) = 3291*t + 52488. Give o(-16).
-168
Let o(s) = 4*s**2 + 297*s + 2677. Calculate o(-9).
328
Let q(n) = 454335*n + 454332. Calculate q(-1).
-3
Let v(l) = l**2 - 563*l + 77411. Calculate v(330).
521
Let i(k) = -k**3 + k**2 - k + 15. Calculate i(-5).
170
Let p(q) = 146779*q - 1467779. Calculate p(10).
11
Let j(x) = x**3 + 44*x**2 + 23024*x + 1013028. What is j(-44)?
-28
Let k(s) = -14*s**2 + 1946*s + 269. What is k(139)?
269
Let u(q) = 2*q**3 - 72*q**2 + 958*q - 4631. Calculate u(13).
49
Let o(g) = 2917*g - 122409. Give o(42).
105
Let d(s) = 1923*s**2 - 4003*s + 312. Calculate d(2).
-2
Let y(z) = 9042*z + 578691. Determine y(-64).
3
Let u(a) = -a**3 - 14*a**2 + 280*a + 3639. Calculate u(-12).
-9
Let f(d) = -169*d - 25631. What is f(-151)?
-112
Let y(m) = -44616*m - 223084. What is y(-5)?
-4
Let z(m) = -2*m**2 + 5*m + 21657. Give z(-103).
-76
Let m(d) = -6*d**3 - 381*d**2 + 197*d + 351. Calculate m(-64).
31
Let g(z) = 297*z**2 - 15*z. Calculate g(2).
1158
Let p(b) = 78473*b - 106409389. Calculate p(1356).
-1
Let f(t) = 214*t - 14734. Calculate f(62).
-1466
Let u(o) = 28355*o + 396962. Calculate u(-14).
-8
Let u(a) = 46*a**2 - 133*a + 39. Determine u(5).
524
Let v(y) = -26165*y**2 - 523303*y - 76. Determine v(-20).
-16
Let r(f) = 4532*f**3 + 104235*f**2 - 29*f - 99. Determine r(-23).
39
Let t(f) = -4*f**3 + 15*f**2 + 8*f - 212. What is t(0)?
-212
Let o(q) = 4*q**3 + 7*q**2 - 99*q + 132. Calculate o(4).
104
Let a(w) = 2165*w - 125573. Calculate a(58).
-3
Let j(c) = -6*c**3 + c**2 + 25*c + 44. Calculate j(-4).
344
Let u(i) = -i**3 - 73*i**2 - 290*i - 57. What is u(-5)?
-307
Let r(l) = -4009*l - 140328. Calculate r(-35).
-13
Let m(b) = 245*b - 495. Calculate m(2).
-5
Let f(v) = 8198*v - 49190. Determine f(6).
-2
Let n(q) = -44328*q - 177171. Give n(-4).
141
Let r(s) = -3*s**3 + 86*s**2 - 136*s + 2200. Determine r(28).
-40
Let x(b) = -6*b - 1329. Determine x(37).
-1551
Let w(t) = -t**3 - 12*t**2 - 51*t - 171. Determine w(-7).
-59
Let r(t) = 5*t**2 - 10797*t - 64808. Determine r(-6).
154
Let a(l) = -124*l**2 + 47264*l - 7627. Give a(381).
-7
Let l(s) = s**2 - 2180*s + 1081156. What is l(763)?
-15
Let m(x) = 2*x**3 - 18*x**2 + 232*x - 775. Calculate m(4).
-7
Let o(g) = -1069*g - 15284. Give o(-18).
3958
Let l(n) = -80*n**3 - 880*n**2 - 53*n - 588. Determine l(-11).
-5
Let w(a) = -79588*a + 397937. Determine w(5).
-3
Let m(k) = k**3 - 16*k**2 + 9*k - 1133. Calculate m(19).
121
Let j(h) = 2*h**3 - 102*h**2 + 131*h - 6656. Give j(51).
25
Let p(i) = -7*i**2 + 188*i - 1161. Calculate p(16).
55
Let m(o) = -3*o**2 + 336*o - 4883. Calculate m(18).
193
Let a(v) = -158*v + 1695. What is a(6)?
747
Let v(l) = 2*l**2 - 26*l - 7980. Calculate v(71).
256
Let m(f) = f**2 - 58233*f - 1223363. Calculate m(-21).
-29
Let k(h) = h**2 - 1773*h - 19577. What is k(-11)?
47
Let n(w) = -247974*w + 1983793. Calculate n(8).
1
Let q(s) = 47*s**3 - 9211*s**2 - 190*s - 885. What is q(196)?
291
Let q(x) = 2218*x**2 + 15515*x - 40. Give q(-7).
37
Let i(c) = c**3 - 8*c**2 + 33*c - 7. Calculate i(6).
119
Let y(j) = -122*j**2 + 27881*j - 109565. What is y(4)?
7
Let u(s) = 364651*s - 1823400. Determine u(5).
-145
Let a(d) = -65*d**2 - 815*d - 2075. Calculate a(-9).
-5
Let r(o) = -9504*o + 39182. Give r(4).
1166
Let y(q) = 2*q**2 + 70*q - 2158. Calculate y(29).
1554
Let y(z) = -z**2 - 493*z - 51167. What is y(-344)?
89
Let c(n) = n**2 + 1047170*n - 43982898. What is c(42)?
6
Let f(w) = -12*w**2 - 1442*w + 5803. What is f(4)?
-157
Let h(o) = -729*o + 46632. Determine h(64).
-24
Let f(y) = y**3 - 19*y**2 + 30*y - 111. What is f(18)?
105
Let l(a) = -2*a**2 + 35468*a + 1101428. Determine l(-31).
-2
Let b(r) = 35*r - 1725. Calculate b(46).
-115
Let n(o) = -27*o**3 + 243*o**2 - 562*o - 7. Give n(5).
-117
Let d(n) = -7373*n - 1459700. What is d(-198)?
154
Let c(j) = 2714*j - 122159. Give c(45).
-29
Let g(n) = 726*n**2 - n + 3. Give g(1).
728
Let h(v) = -632*v - 37350. What is h(-61)?
1202
Let z(w) = 2080*w + 37426. Give z(-18).
-14
Let b(f) = 11*f**3 - 1968*f**2 - 384*f + 36698. What is b(179)?
3
Let t(r) = -6*r**2 - 292*r + 166480. What is t(144)?
16
Let v(o) = 63*o**2 - 2335*o - 2008. Calculate v(38).
234
Let s(m) = m**3 - 46*m**2 + 614*m - 3505. Give s(29).
4
Let w(g) = 1024*g**2 - 32770*g + 27. Calculate w(32).
-37
Let r(s) = -s**3 + 9*s**2 + 247*s - 418. Give r(21).
-523
Let v(y) = -y**3 + 762*y**2 + 64610*y - 5890. Give v(839).
-17
Let z(t) = -248*t - 2584. Determine z(-16).
1384
Let i(g) = 4*g**2 + 68*g + 139. What is i(-5)?
-101
Let d(t) = -346*t + 17320. Calculate d(48).
712
Let r(w) = -1487*w - 190338. Determine r(-128).
-2
Let c(b) = -21*b**2 + 1442*b - 3703. Determine c(66).
-7
Let t(v) = -3871*v - 69683. What is t(-18)?
-5
Let x(r) = -8*r + 2363. Give x(111).
1475
Let q(x) = x**3 - 47*x**2 + 338*x + 158. Determine q(38).
6
Let k(x) = 101*x**2 + 1292*x - 3. Calculate k(-15).
3342
Let h(u) = -5*u**3 - 196*u**2 + 44*u + 3023. Determine h(-39).
-214
Let k(s) = -s**3 - 21*s**2 + 161*s + 2196. Determine k(-10).
-514
Let v(n) = 944*n + 87. Calculate v(0).
87
Let t(g) = -17*g + 2268. Calculate t(53).
1367
Let i(v) = 38596*v - 463121. Calculate i(12).
31
Let p(s) = -s**3 - 4*s**2 + 667*s + 3960. Give p(-6).
30
Let v(n) = -400*n - 7468. What is v(-26)?
2932
Let g(s) = 300*s - 3009. What is g(6)?
-1209
Let a(x) = 47*x**2 - 149*x + 11. Give a(3).
-13
Let k(u) = 420*u - 160593. What is k(383)?
267
Let t(x) = -4*x**2 - 175*x + 3655. What is t(-59)?
56
Let x(h) = 157*h**2 + 1084*h + 3. Determine x(-7).
108
Let t(v) = 3*v**2 + 33682*v - 1114748. Determine t(33).
25
Let v(x) = -x**3 - 31*x**2 + 241*x - 918. Determine v(-38).
32
Let r(j) = 43217*j + 301734. Calculate r(-7).
-785
Let d(o) = -133448*o**2 - 2402063*o + 23. Give d(-18).
5
Let y(h) = h**3 + 16*h**2 - 595*h + 6. Determine y(0).
6
Let n(b) = -24*b**2 - 781*b - 4726. Calculate n(-8).
-14
Let r(z) = -z**3 - 469*z**2 + 444*z - 12291. Give r(-470).
-71
Let g(z) = -z**2 - 870*z + 11319. Give g(13).
-160
Let b(c) = 3*c**3 - 86*c**2 + 504*c - 68. Calculate b(8).
-4
Let w(j) = -159*j - 996. Calculate w(0).
-996
Let g(y) = y**3 - 226*y**2 + 12403*y + 485. What is g(94)?
15
Let a(p) = 12*p**2 - 247*p - 11553. Give a(43).
14
Let s(z) = 32*z**2 - 600*z + 1189. Give s(2).
117
Let h(l) = 84*l + 8025. Determine h(-102).
-543
Let h(q) = -q**2 - 531*q - 26339. What is h(-55)?
-159
Let f(z) = -3318*z + 132724. Give f(40).
4
Let a(f) = 70721*f - 31. What is a(0)?
-31
Let g(t) = -144*t**2 - 104120*t - 5797. Give g(-723).
-13
Let q(z) = 2122*z - 28531. Determine q(12).
-3067
Let x(h) = 2*h**3 + 10*h**2 - 64*h - 74. Give x(-11).
-822
Let m(g) = -g**3 - 3*g**2 - 34*g - 592. Give m(-8).
0
Let q(z) = 42*z**2 + 1665*z - 11577. Determine q(7).
2136
Let l(k) = 26*k**2 + 16*k - 91. Determine l(6).
941
Let t(x) = -2*x**3 - 580*x**2 + 5076*x + 91783. Calculate t(-298).
-1
Let a(l) = 332*l + 2587. Calculate a(-8).
-69
Let b(n) = 6179*n + 302754. Determine b(-49).
-17
Let f(x) = 1810*x**2 - 1139*x + 10. Determine f(0).
10
Let v(m) = -m**3 + 21*m**2 + 398*m + 665. What is v(34)?
-831
Let w(c) = 105538*c - 527681. Calculate w(5).
9
Let t(k) = -14142*k + 56571. What is t(4)?
3
Let q(d) = 187441*d - 1686979. Give q(9).
-10
Let f(h) = -334*h - 116940. What is f(-353)?
962
Let c(a) = -102*a + 169. What is c(-21)?
2311
Let z(d) = 33812*d + 33822. Give z(-1).
10
Let a(y) = -y**3 - 7*y**2 + 689*y + 5444. Give a(-8).
-4
Let i(s) = -19*s**2 + 401*s + 211. Give i(19).
971
Let b(z) = -51*z**2 + 45207*z - 153632. Give b(883).
10
Let x(s) = 171*s**2 - 27549*s + 2900. What is x(161)?
2
Let x(t) = -t**3 + 23*t**2 - 24*t + 1831. What is x(25)?
-19
Let x(o) = -7123*o - 56567. Calculate x(-8).
417
Let k(t) = 2*t**2 + 721*t + 64126. Calculate k(-201).
7
Let z(y) = -29*y**3 + 12*y**2 + 293*y - 302. Give z(1).
-26
Let k(y) = 122*y**2 - 11717*y + 470. What is k(96)?
-10
Let k(n) = n**3 - 129*n**2 + 443*n + 36487. Give k(123).
202
Let n(v) = -v**3 - 60*v**2 + 2338*v - 987. Determine n(-87).
-30
Let s(j) = -4*j**2 - 464*j - 3840. Determine s(-107).
12
Let g